ppose 4*q + 614 = 3*p - 857, 0 = -4*p - 4*q + 2008. What are the prime factors of p?
7, 71
Suppose 58*c - 92778 + 21670 = 0. What are the prime factors of c?
2, 613
What are the prime factors of ((-3)/6)/((-10)/7340)?
367
Let f = 135 - 79. Suppose 4*z + 2*r = f, 0 = 4*z - 2*r + 3*r - 52. Suppose -4*o = -o + a - 19, z = 4*o + 4*a. List the prime factors of o.
2
Let j be 2 - 3 - (3 - 6). Suppose -3*v - j*v + 11 = 3*f, -2*f = 5*v - 9. Suppose -b + f*q - 3 = 0, -2*b = 2*b - 3*q - 8. What are the prime factors of b?
5
Suppose -33*p + 37179 = -6*p. List the prime factors of p.
3, 17
Suppose 5*x + 20 = -5. What are the prime factors of (x - (-39)/6)*(-8)/(-6)?
2
Let v = 53 + -35. List the prime factors of 8*(v/(-12))/((-1)/2).
2, 3
Let k(m) = -3*m**3 + 5*m**2 - 2*m - 1. Let b be (9/(-2) - -3)/(2/4). List the prime factors of k(b).
131
Let w(i) = -3*i**3 - 5*i**2 + 9*i + 5. Let c(o) = -o**3 + o**2 + o. Let v(j) = -2*c(j) + w(j). What are the prime factors of v(-8)?
13
Let a(w) = w**3 + 8*w**2 + 5*w - 3. Let z be a(-7). Suppose z*h + 464 = 15*h. List the prime factors of h.
2, 29
Let i(k) be the third derivative of -k**6/120 + k**5/4 + k**4/8 + 29*k**3/6 + 2*k**2. List the prime factors of i(15).
2, 37
Let s(n) = n**3 - 3*n**2 + 5*n + 3. Let m be s(2). Suppose m*x + 225 - 1287 = 0. What are the prime factors of x?
2, 59
What are the prime factors of (10865/(-106))/(1*3/(-36))?
2, 3, 5, 41
Suppose 0 = 3*q - 7*q + 36. Let t be ((-12)/q + 1)*-42. What are the prime factors of (-4)/t + 1920/56?
2, 17
Let v(f) = 8*f**2 + 3*f - 8. Suppose 5*j - 22 = j - 5*g, -4*g + 2 = -2*j. List the prime factors of v(j).
73
Suppose 3*r - r - 1536 = 3*n, -5*n + 3028 = 4*r. List the prime factors of r.
2, 3, 127
Let h = 1442 + -947. Let g = h + -198. List the prime factors of g.
3, 11
Let g(n) = -n**2 + 17*n + 4. Let w be (-26 - 0/1)/(-2). What are the prime factors of g(w)?
2, 7
Let s be (-3 + 16/6)*-9. Suppose 0 = -3*t + 12 + s. Suppose 0*l - 2*l + 140 = t*m, 0 = -3*m + 5*l + 115. List the prime factors of m.
2, 3, 5
Let g(l) = -l**3 + 7*l**2 + 5*l - 7. Let m be g(7). Let p = 43 - m. Suppose 4*c - p = -c. List the prime factors of c.
3
What are the prime factors of (6/(-4))/(((-4)/2592)/1)?
2, 3
Suppose 2*y + 84 = -x, -y + 2*x + 86 = -3*y. Let m = 228 + y. List the prime factors of (-22)/(-77) + m/7.
3
What are the prime factors of 20/70 - (-3)/(63/3711)?
3, 59
Let z(w) = w**2 - 13*w - 17. Let b be z(13). Let m(s) = -2*s + 2. What are the prime factors of m(b)?
2, 3
Let c be 196/(-11) - 18/99. Suppose -n - 156 = 4*d, 4*d + 5*n + 111 + 45 = 0. Let b = c - d. What are the prime factors of b?
3, 7
Let o(b) be the first derivative of -2*b**2 - 2*b + 2. Let c be o(3). Let h = c + 74. List the prime factors of h.
2, 3, 5
Suppose 3*g = -2*v + 6*g + 4468, v - 2243 = -3*g. List the prime factors of v.
2237
Suppose 3*x - 9*x + 30 = 0. Suppose -5*i + x*w = -0*i - 285, -3*i + 4*w = -173. List the prime factors of i.
5, 11
Let h be (-13)/13*((-140)/2 - 1). Suppose -1 = l, 4*i = -0*i - 4*l + 412. Let k = i - h. What are the prime factors of k?
3, 11
Suppose 3*y = 2 - 17, 2*y = p - 13. Suppose a - 3 - p = 0. Suppose -a = 2*u - 24. List the prime factors of u.
3
Let t be (13/(-3))/(52/(-39))*-12. Let j = t + 329. What are the prime factors of j?
2, 5, 29
Suppose -s + 1 = 0, -443 = -4*y + 5*s + 24. List the prime factors of y.
2, 59
Let z = -5 - -8. Suppose -3*m - 156 = -z*u, 3*u - m + 17 = 181. Suppose -u = -5*r + 54. What are the prime factors of r?
2, 11
Let j(n) = -n**2 - 5*n - 2. Let f be j(-3). What are the prime factors of f + (1 - (-85)/5)?
2, 11
List the prime factors of 2/3 + ((-4996)/(-3))/1.
2, 7, 17
Let g = 4051 + -2612. What are the prime factors of g?
1439
Suppose -m = -3*m. Suppose -a = -m*a - 9. What are the prime factors of a?
3
Suppose -74 = 11*c + 14. List the prime factors of (14/c)/((35/(-740))/7).
7, 37
What are the prime factors of -4955*6/(-48) + (-3)/8?
619
List the prime factors of ((-5658)/15 + 2)/(98/(-245)).
2, 7, 67
Let h = 50 + -28. Suppose -12*t + 145 = -7*t. Let n = t - h. What are the prime factors of n?
7
Let y = 4 + -4. Suppose 0 = -3*q + 12, -28 = -4*l - y*l - q. What are the prime factors of l?
2, 3
Let g = 33 - 36. What are the prime factors of ((-6)/2 + (1 - g))*37?
37
Let r = 20 + -7. Suppose -4*n - k = -571, 4*k - 126 - r = -n. List the prime factors of n.
11, 13
Suppose -30*g + 25 = -25*g. Suppose g*t - 356 - 654 = 0. List the prime factors of t.
2, 101
Suppose 2*d - 14 = 4*m, -5*d + 2*m + 27 = 8. Suppose 3*u = d*k - 159, 2*k = 3*k - 5*u - 45. What are the prime factors of k?
5, 11
Suppose 4*t - 4 = 2*c - 4*c, t + 6 = -4*c. Suppose 4 = -t*l, 0*l - 75 = -5*a + 5*l. What are the prime factors of a?
13
Suppose 3*m = 3*t + 4308, -12*m + 14*m - 2879 = -5*t. What are the prime factors of m?
3, 479
Let j be (2 - -4)*(-1)/(-3). Let s be j - (-4 - (-3 - -2)). Suppose s*y = -0*y + 95. What are the prime factors of y?
19
Let q = 26 - 21. Suppose 3*c - 83 = -5*g - 0*g, -q*c + 4*g = -89. What are the prime factors of c?
3, 7
Suppose 2*u - c = 2*c - 10, -3*u + 2*c = 5. List the prime factors of (7/21)/(u/45).
3, 5
Suppose 3*y = -c - 6, -2*c - 2*c + 4 = -2*y. Suppose -t - 4 = c, 672 = 5*n - 0*n - 3*t. List the prime factors of n.
2, 3, 11
Let t(u) = -12*u - 39. Let r(d) = d**3 + d**2 + d + 5. Let w be r(-3). List the prime factors of t(w).
3, 17
Let g be 3/(-2)*(-8)/6. Suppose -309 = n - 5*n - 5*d, g*d - 382 = -5*n. Let f = n + -42. What are the prime factors of f?
2, 17
Suppose 0 = -3*f + p + 670, 5*f + 4*p = 31 + 1114. Suppose 0 = -5*s - 3*v + 287 + f, -3*s + 320 = 5*v. Suppose b - s = -4*b. List the prime factors of b.
2, 5
Suppose -149*a + 146*a + 951 = 0. List the prime factors of a.
317
Let f = 25 + -21. List the prime factors of 100/5 + 2 - f.
2, 3
Let n(s) = -98*s + 6. Let m be n(-5). Suppose 8*j - 184 = m. List the prime factors of j.
5, 17
Suppose 18*r - 29295 = 11*r. List the prime factors of r.
3, 5, 31
Suppose -5*f + 4*s = -11, -1 = 2*f - 3*f + 2*s. Let v = f + -4. Let t = 31 - v. What are the prime factors of t?
2
Let m be (0 + -5)*(7 - 12). Suppose 2*t - m = -3*t. Let w(p) = -p**3 + 6*p**2 + p + 1. List the prime factors of w(t).
31
Suppose 9*g - 4*g = 4*n + 397, -5*n = 4*g + 445. Let h(x) = -x + 22. Let p be h(10). List the prime factors of p/18*n/(-2).
31
Suppose -6*c = -9*c. Suppose -4*g + c*v - 5 = v, 0 = 5*v + 25. Suppose 5*r = 5*w - 285, g = -2*w + 4*r - 8*r + 108. List the prime factors of w.
2, 7
Let b(l) = -5*l + 3*l - 5*l + 0 - 1. Suppose -8 = 5*n + 7, 0 = 2*f - n + 3. List the prime factors of b(f).
2, 5
Suppose -73 = w + 5*g + 34, 4*g = w + 89. Let n = w - -169. What are the prime factors of n?
2, 3
Suppose 0 = -1899*v + 1900*v - 1161. What are the prime factors of v?
3, 43
Let o(a) = -368*a + 13. List the prime factors of o(-1).
3, 127
Suppose 8246 + 3514 = 20*u. What are the prime factors of u?
2, 3, 7
Let d = 16 + -14. Suppose r + d*r - 99 = 0. List the prime factors of 336/r + 2/(-11).
2, 5
Let s = 1 - -115. Let o be 4/7*(-3 - -10). Suppose s = o*h + 12. List the prime factors of h.
2, 13
Suppose -h - 9 = 2*h. Let i = h - -19. What are the prime factors of i?
2
Let o = 1185 - 599. What are the prime factors of o?
2, 293
Suppose 2*c = -3*l - 15, -4*c - 5*l + 7 = 40. List the prime factors of (-1)/(-2) + (-1290)/c.
2, 3
Let w be 1 + 6022*6/12. Suppose 2*z = -10*z + w. List the prime factors of z.
251
Let b be (4/20*0)/(2 - 6). Let c = 55 - -14. Suppose 3*w - c = -b*w. List the prime factors of w.
23
Let m(k) = -k + 4. Let s(j) = 1. Let t(g) = m(g) + 5*s(g). Let v be (-5 - (-28)/6)/((-2)/(-42)). What are the prime factors of t(v)?
2
Suppose 0*n + n - 3 = 0. Suppose 5*d = -0*d + 15, -3*d - 60 = -n*a. List the prime factors of a.
23
Let a = -20 - -38. List the prime factors of 6/a + 62/3.
3, 7
Let o be 6*(3/(-1) + 184/48). Let h(y) = 10 - 8 + 4*y + 9. What are the prime factors of h(o)?
31
Let h(k) = 9*k. Let d(m) = 5 - 10*m - 6 + 2. Let w(a) = -3*d(a) - 2*h(a). List the prime factors of w(2).
3, 7
Suppose x = 5*o - 3*x + 65, x - 50 = 5*o. Let b(m) be the first derivative of -m**2/2 + 5*m - 1. List the prime factors of b(o).
2, 7
Let w be -3 - (-57)/6*-2. What are the prime factors of 90/(-1)*(w + 21)?
2, 3, 5
Suppose -12*f - 5*o 